{"id":44,"date":"2016-09-03T14:25:13","date_gmt":"2016-09-03T13:25:13","guid":{"rendered":"http:\/\/dev.maerkerwald-schule-urbach.de\/?page_id=44"},"modified":"2021-08-04T16:00:37","modified_gmt":"2021-08-04T15:00:37","slug":"haeufig-gestellte-fragen","status":"publish","type":"page","link":"https:\/\/www.maerkerwald-schule-urbach.de\/?page_id=44","title":{"rendered":"FAQ"},"content":{"rendered":"<p>Wo Menschen zusammenleben und \u2013lernen, gibt es auch Fragen und Probleme. Bitte wenden Sie sich grunds\u00e4tzlich zun\u00e4chst an die Klassenlehrerin. Sie wird im Bedarfsfall die Schulleitung einschalten. Als Probleml\u00f6ser Nr. 1 hat sich das Gespr\u00e4ch mit den unmittelbar Betroffenen bew\u00e4hrt.<\/p>\n","protected":false},"excerpt":{"rendered":"<p>Wo Menschen zusammenleben und \u2013lernen, gibt es auch Fragen und Probleme. Bitte wenden Sie sich grunds\u00e4tzlich zun\u00e4chst an die Klassenlehrerin. Sie wird im Bedarfsfall die Schulleitung einschalten. Als Probleml\u00f6ser Nr. 1 hat sich das Gespr\u00e4ch mit den unmittelbar Betroffenen bew\u00e4hrt.<\/p>\n","protected":false},"author":7,"featured_media":0,"parent":0,"menu_order":0,"comment_status":"closed","ping_status":"closed","template":"","meta":{"footnotes":""},"class_list":["post-44","page","type-page","status-publish","hentry"],"_links":{"self":[{"href":"https:\/\/www.maerkerwald-schule-urbach.de\/index.php?rest_route=\/wp\/v2\/pages\/44","targetHints":{"allow":["GET"]}}],"collection":[{"href":"https:\/\/www.maerkerwald-schule-urbach.de\/index.php?rest_route=\/wp\/v2\/pages"}],"about":[{"href":"https:\/\/www.maerkerwald-schule-urbach.de\/index.php?rest_route=\/wp\/v2\/types\/page"}],"author":[{"embeddable":true,"href":"https:\/\/www.maerkerwald-schule-urbach.de\/index.php?rest_route=\/wp\/v2\/users\/7"}],"replies":[{"embeddable":true,"href":"https:\/\/www.maerkerwald-schule-urbach.de\/index.php?rest_route=%2Fwp%2Fv2%2Fcomments&post=44"}],"version-history":[{"count":2,"href":"https:\/\/www.maerkerwald-schule-urbach.de\/index.php?rest_route=\/wp\/v2\/pages\/44\/revisions"}],"predecessor-version":[{"id":1152,"href":"https:\/\/www.maerkerwald-schule-urbach.de\/index.php?rest_route=\/wp\/v2\/pages\/44\/revisions\/1152"}],"wp:attachment":[{"href":"https:\/\/www.maerkerwald-schule-urbach.de\/index.php?rest_route=%2Fwp%2Fv2%2Fmedia&parent=44"}],"curies":[{"name":"wp","href":"https:\/\/api.w.org\/{rel}","templated":true}]}}